*j + 172. Suppose -2749 = -2*l + 1001. What is the remainder when q is divided by l/65 + (-2)/(-13)?
16
Suppose -3030 = -6*u - 233 + 1577. Calculate the remainder when u is divided by 185.
174
Suppose -223 - 297 = -4*s. Let w = s + -111. What is the remainder when (2/4)/((-2)/(-600)) is divided by w?
17
Let t = 32 - -8. Let k = -12 - -15. Suppose -k*q + 75 = 4*i - 6*q, 4*q = 2*i - 50. Calculate the remainder when t is divided by i.
10
Suppose -1 = 3*h - 4*g, 3*g - 3 = 12*h - 9*h. Calculate the remainder when 1*14 + 0 + 0 is divided by h*(-2)/(-4)*(-300)/90.
4
Let h(f) = 18*f**2 + 59*f - 327. What is the remainder when h(5) is divided by 14?
12
Let b(s) = -s**3 - 12*s**2 + 5*s - 151. Let c be b(-13). Let u(x) = 15*x - 6. Let z be u(4). Let g = c + z. What is the remainder when 33 is divided by g?
5
Let b = 79 - 46. Suppose -172 = -5*c - 2*d, 0 = c - 4*d + 3*d - b. What is the remainder when 100 is divided by c?
32
Let j(k) = -k**2 - 3*k. Let f be j(-4). Let u = 0 - f. Suppose -5*v + 48 = -u*v. Calculate the remainder when v is divided by 17.
14
Suppose 2*p - 3*q = 9031, -2*p + q = -4*q - 9025. What is the remainder when p is divided by 19?
17
Let h = 405 + -320. Let b = h + -69. Suppose 0*i + 4*i - 12 = 0. Calculate the remainder when b is divided by i.
1
Suppose 7*q - 93 = -387. Let a(f) = -f**3 - 42*f**2 - 2*f - 74. Calculate the remainder when 647 is divided by a(q).
7
Suppose -w - 4*g + 8657 = 0, -2*w + 3*g + 22212 - 4931 = 0. What is the remainder when w is divided by 11?
10
Let n(f) = f + 19. Let w be n(-17). Suppose -2*k = -27 - 7. Suppose w*u - 23 = k. What is the remainder when 159 is divided by u?
19
Let s(m) = -7*m + 1. Let h be s(-2). Suppose 4*k - 2*b - 3*b + 13 = 0, 4*b = 4*k + 8. What is the remainder when ((-2)/3)/(-1)*h is divided by k?
1
Let g(r) = 64*r**2 + 700*r - 4. Calculate the remainder when 130 is divided by g(-11).
10
Let u = 7772 + -7678. What is the remainder when 428 is divided by u?
52
Suppose 170*o + 1859 = 183*o. What is the remainder when 943 is divided by o?
85
Let c(h) = 3*h**2 + 20*h - 16. Calculate the remainder when c(-13) is divided by 9.
6
Let m(c) = -3*c**3 + 9*c**2 - 40*c. Let g be m(7). Let v = g - -885. Suppose 2*k - 2 = k. What is the remainder when v is divided by k?
1
Suppose -4*a = a - 35. Let c = -13077 - -13122. What is the remainder when c is divided by a?
3
Let s(p) = 26*p**2 + 11*p - 10. Calculate the remainder when s(1) is divided by 12.
3
Suppose -2*r + 4*f = 4, -4*r = -3*f - 5 - 2. Let m be r*67/4*-1. Let l = -52 - m. What is the remainder when 42 is divided by l?
12
Let c(i) = 19 - 57 - 47*i + 6 - 96. What is the remainder when c(-5) is divided by 70?
37
Let z(c) = 4*c**2 + 3*c + 21. Calculate the remainder when z(-5) is divided by 70/(-175) + 510/25.
6
Let r = 519 + -937. Let n = 510 + r. What is the remainder when n is divided by 47?
45
Calculate the remainder when 234 is divided by 21*(-16)/(-336)*(-1 + 25).
18
Suppose 18*g - 14*g = -12. Let n(w) = w**3 + 5*w**2 - 4*w - 7. What is the remainder when ((-4)/g + (-230)/15)*-10 is divided by n(-5)?
10
Let k(v) = -2*v**3 + 129*v**2 + 3*v + 19. Suppose p - 5 = 0, p - 5*p = -n - 4. Let o = 16 + n. What is the remainder when o is divided by k(0)?
13
Suppose -96*d + 38*d = -24766. Calculate the remainder when d is divided by 19.
9
Let a(b) be the first derivative of b**3 + 11*b**2/2 - 26*b + 75. What is the remainder when 97 is divided by a(3)?
29
Let p(b) = b**3 + 8*b**2 - 2. Let x be p(-8). Let u be (0 - -1 - (4 + x)) + 1. Suppose u = y - 10. Calculate the remainder when 78 is divided by y.
8
Suppose -b - 4 = -3*b. Suppose -3*s + 210 = -3*a, -5*a + 46 = -s + b*s. Let o(h) = 15*h + 79. What is the remainder when s is divided by o(-3)?
32
Let x be 259/(-140)*-4 - (-4)/(-10). Suppose -1284 = i - x*i. What is the remainder when i is divided by 31?
28
Suppose -3*l - 5*d = -51 - 33, -3*d = -l + 28. Calculate the remainder when -12 + -13 + (-115752)/(-232) + (-2)/(-29) is divided by l.
26
Suppose -a - 38 = -3*d + 4*d, 4*a + 148 = -3*d. Suppose 0 = 4*f + 4*s + 12, 4*f + 333 = 2*s + 291. Calculate the remainder when 10 is divided by a/(-6) - f/24.
4
Let v be (-5 - -3)*1/(-1) - -2. Suppose 0 = d + 4*y - v - 2, -2*d = -4*y + 12. What is the remainder when d/6*4*(-198)/12 is divided by 13?
9
Suppose 0 = 3*h + 5*i - 4490, -31*i + 3002 = 2*h - 32*i. Suppose 7*z - 1083 = h. What is the remainder when z is divided by 62?
59
Let l = -2 - -6. Let u(m) = -7*m - 9. Let f(w) = -3*w - 6. Let y(x) = 5*f(x) - 4*u(x). Calculate the remainder when y(l) is divided by 20.
18
Suppose -d - 12*b + 15*b - 1 = 0, -2*b = 2*d - 14. Suppose 62 = d*s - 393. Calculate the remainder when s is divided by 33.
25
Let f be (-1)/((-66)/1044) + 8/44. Suppose 11 = 3*g - 1, 5*g = -4*q + 92. What is the remainder when (f - -1)*(-27 + 30) is divided by q?
15
Suppose 251 = 40*u + 91. Suppose b = -4*i - 4*b + 841, b = -u*i + 821. What is the remainder when i is divided by 16?
12
What is the remainder when (-2)/(-3)*(5 - (-17085)/30) is divided by 31?
11
Let z(l) = l**2 + 139*l + 1136. What is the remainder when z(-8) is divided by ((-82)/8)/(13/(-52))?
6
Suppose -3*n + 30 = -4*r, r = 7*n - 6*n - 9. Let o be (-16)/n*(7/4 + -4). What is the remainder when 1/1 - (5 + -11)/o is divided by 1?
0
Let n be 10/50 + -11*(-3)/(-15). Let z be 87/5 + 6/(-15). Let l = z - n. Calculate the remainder when 32 is divided by l.
13
Suppose 11*q = 9*q + 192. Let s = q + -77. Calculate the remainder when s is divided by 6.
1
Suppose -39*c - 4*c = -1548. Suppose 12*k - 312 = c. Calculate the remainder when 1/(-1)*(1 + -57) is divided by k.
27
Let w(f) = -f**3 - 3*f**2 + 3*f + 9. Let s be w(-4). Suppose s*l + 4 = 238. What is the remainder when l is divided by 4?
2
Suppose 2*z - 61*t = -65*t + 142, 2*z + 3*t - 148 = 0. Calculate the remainder when 550 is divided by z.
52
Suppose -10*u = -8*u - 124. Suppose 3*y = -12, -4*y = t + t - u. Let c = t + -34. What is the remainder when 12 is divided by c?
2
Suppose -4*h = -5*j + 24, -5*j + 10*h + 17 = 13*h. Suppose 5 = -4*z - 3, -j*z - 278 = -3*g. What is the remainder when (-3)/(-15)*5*g is divided by 23?
21
Suppose -62*u + 6688 + 11328 + 6474 = 0. Calculate the remainder when 1208 is divided by u.
23
Let v = -58 - -246. Let t = v - 144. Calculate the remainder when t is divided by 30.
14
Let h = 17 + -6. Suppose -34 = -h*l + 65. Suppose -10 = -10*o + l*o. Calculate the remainder when 54 is divided by o.
4
Suppose -630 = -4*w + 1090. Suppose -18*p = -w - 452. What is the remainder when 176 is divided by p?
29
Let p(i) = i**3 + 17*i**2 + 24*i - 13. What is the remainder when p(-15) is divided by 2*(-486)/(-48) - 2/8?
17
Let d = -36640 + 37788. Calculate the remainder when d is divided by 46.
44
Suppose -52*g - 99*g = -34579. What is the remainder when g is divided by 220?
9
Let b(k) = -65*k - 1221. What is the remainder when 82 is divided by b(-19)?
12
Let j(d) = 4*d - 34. Let w be j(8). Calculate the remainder when 94 is divided by (19/w)/((-11)/(-22)*-1).
18
Suppose -t = -b - 1260, 0*b - 2*b - 2*t = 2532. Let q = b + 1282. Suppose n - 66 = -3*h, 2*n + 0*h + 2*h = 116. Calculate the remainder when n is divided by q.
16
Suppose 0 = 2*n - 8, -5*i = -i - 3*n - 12. Let m(z) = -15*z**3 + 2*z**2 - 158*z - 315. Calculate the remainder when m(-2) is divided by i.
3
Let t = -15617 + 15637. Calculate the remainder when 94 is divided by t.
14
Let f(o) = o**2 - 18*o - 60. Let a be f(25). Suppose -5*d - m + a = 0, 2*m = 3*m. Suppose q = 11 + 1. What is the remainder when d is divided by q?
11
Suppose 5*y - 3*u = 2*u + 15, -3*u = -4*y + 7. What is the remainder when 564/(-6)*y - 4 is divided by 49?
37
Let k(y) = y**3 + 5*y**2 - 10*y + 2. Let u be k(-6). Suppose -316 = 24*o - u*o. What is the remainder when o is divided by 53?
52
Let q = 4909 - 4837. What is the remainder when 1437 is divided by q?
69
Let x(q) = 38*q - 811. Calculate the remainder when x(23) is divided by 3.
0
Suppose 11*z = -2540 - 1079. Let j = z + 339. What is the remainder when 296 is divided by j?
6
Suppose 0 = 2*z - 9*z + 658. Suppose -2*v = 4*s - 188, 0 = 4*s + 5*v - 315 + 133. Calculate the remainder when z is divided by s.
46
Suppose -5*y + 7*y - 80 = 0. Let b be (6/21)/(8/2408). Suppose -5*d + 4*s + b = 0,